x(j) = 2 - 3 + 11*j + 0. Let t = 107 + -108. Determine x(t).
-12
Let l = -93 - -95. Let h(f) be the first derivative of -1/3*f**3 - 3/2*f**2 + l + f. What is h(-5)?
-9
Let b(z) = 2*z**2 - 4. Suppose -25*k = -26*k + 4. Calculate b(k).
28
Let q = 8 + -6. Let i(j) = 4 + j**3 + 6*j**2 - 5*j - 2 - 10*j**q. Determine i(5).
2
Let f = -2 + -1. Let u(s) = -5*s**3 + 4*s**2 + 3*s. Let c(v) = 2*v**3 + 1. Let z(n) = 3*c(n) + u(n). Give z(f).
3
Suppose -4*j = 4*d - 88, 3*j + 25 = 8*j. Let n = d - 21. Let u(w) = 2*w + 5. Determine u(n).
-3
Let k(t) be the first derivative of 2/3*t**3 + 3/2*t**2 + 2 + 1/20*t**5 + t + 1/4*t**4. Let i(f) be the first derivative of k(f). Calculate i(-2).
-1
Let i be (-1)/(-2)*3*-2. Let f(z) = z. Let t(o) = -2*o + 6. Let r(a) = i*f(a) - t(a). Let n be -3*(-1)/4*-4. Give r(n).
-3
Suppose -2*g = -4*t + 18, 2*t - 6 = -4*g + 8. Let b(x) = -3 + 8 - x + 0. Give b(t).
0
Suppose 3*f = 5*f + 4, 0 = -5*v + 4*f + 33. Let p(c) be the third derivative of c**5/60 - c**4/4 - c**3/6 - 107*c**2. Give p(v).
-6
Let g(m) be the third derivative of m**7/840 - m**6/90 - m**5/20 + m**4/6 - m**3/2 + 5*m**2. Let c(z) be the first derivative of g(z). What is c(5)?
-1
Let a(k) = k + 4. Let c be (-1)/(-4) - (-9)/(-36). What is a(c)?
4
Let t be 5 - (2 + 0)*-1. Let v(y) = 3*y - 5. Let o(s) = 2*s - 3. Let x(z) = t*o(z) - 5*v(z). What is x(0)?
4
Suppose 2*u - 7 = 5*f, 0 = -0*f + 2*f + 2*u. Let o be (-2)/(-13) + 141/13. Let b(r) = -o*r - 2 + 1 + 16*r. Give b(f).
-6
Let u(j) = -2*j + 5. Let t be ((-9)/(-15))/(2/10). Let f(w) = w - 1. Let c(p) = t*f(p) + u(p). What is c(2)?
4
Let t(b) = b**3 - 4*b**2 + 4*b - 4. Suppose -3*k + 1 = q, -4*q - 4*k + 0 = -12. Calculate t(q).
12
Suppose 24 = -3*l + 3*s, s - 37 = 5*l - 9. Let h(m) = -m - 10. Give h(l).
-5
Let y(i) = -3*i**2 - 4*i - 2. Let m(a) = -a - 1. Let c be m(-5). Suppose -c*w - w = 10. What is y(w)?
-6
Let w = 3 + -10. Let c(n) = 4*n - 2. Let y(s) = 5*s - 2. Let h(o) = w*c(o) + 6*y(o). Calculate h(2).
6
Let x(q) = q + 6. Suppose 0 = -8*r + 13*r + 35. What is x(r)?
-1
Let v(a) = -3*a - 5. Let q(b) = b + 1. Let g(d) = -2*q(d) - v(d). Determine g(4).
7
Let b = 8 + 2. Let q(c) = -13*c**3 + c + 0*c + b*c**3. What is q(1)?
-2
Let n(m) be the third derivative of m**3 + 1/60*m**5 + 0*m + 0 + 0*m**4 - 1/120*m**6 + 2*m**2. Calculate n(0).
6
Suppose 8 = -2*h, -46 - 78 = -2*k + h. Let w(a) = 2*a**2 - 2*a + 2. Let p be w(3). Let y be k/(-14) - (-4)/p. Let c(j) = -j**3 - 4*j**2 + j + 5. Calculate c(y).
1
Let z(t) = 3*t**3 + t**2 - 1. Let y = 144 + -145. What is z(y)?
-3
Let g(f) = -4 - f + 0*f + 5*f - 3*f + f**2. Suppose 5*l - 16 = 9. Let c = l + -9. Determine g(c).
8
Let c(u) = -2*u - 7. Let j be 5*(-3)/(5 - 2). What is c(j)?
3
Let a be 3*((-4)/6)/(-2). Let s(x) = -4*x + x - a - 3*x. Calculate s(-1).
5
Let i(u) = -u**2 - 10*u + 2. Let g be (9/(-6) + 2)*8. Let b(r) = -r. Let x(n) = g*b(n) - i(n). What is x(-5)?
-7
Let u(l) = l - 3. Let h = 49 + -35. Let x = h + -8. Give u(x).
3
Let j(r) = r**3 + r**2 + 2*r. Let l be -1 + (-1*12)/(-2). Suppose -l*p = -3*v - 31, -v - p + 18 = 3*p. Determine j(v).
-8
Let x(d) be the third derivative of d**7/1260 + d**6/360 + d**5/60 - d**4/8 - d**2. Let o(g) be the second derivative of x(g). Determine o(-2).
6
Let y(v) = 15*v**2 - 27*v - 4. Let r(q) = -7*q**2 + 13*q + 2. Let z(d) = 13*r(d) + 6*y(d). What is z(7)?
2
Let d(h) = h**3 - 7*h**2 + 6*h - 5. Suppose -4*o - 3*w = -27, o + 21 = 5*o - 3*w. Calculate d(o).
-5
Let j(d) = 3*d**2 - 2*d - 1. Let x(q) = 24*q - 2*q**2 - 14*q - q**3 - 8*q**2 - 12. Let i be x(-11). Give j(i).
4
Suppose l = 5*o - 6 + 4, -2*l - 4 = -4*o. Let g(f) = 2*f + 1. Give g(l).
-3
Let z be 2 + 0 - (-5 + 2). Let j(g) = g**2 - 6*g + 6. What is j(z)?
1
Suppose -6*s + s + 15 = 0. Let d be ((-16)/24)/((-1)/3). Let j(b) = 4 - 6 - b**d + 2*b + b**s + 6*b**2. Give j(-4).
6
Let z(m) = 2*m - 10. Let w be z(8). Let f(v) = -v. Let y(x) = -5*x - 6. Let u(t) = w*f(t) - y(t). Give u(4).
2
Let b(u) = 2*u. Let d(x) = x. Let m(z) = -2*b(z) + 3*d(z). What is m(-5)?
5
Let h = 34 + -15. Let g(r) = -h - 15*r + 7*r + 19. Calculate g(-1).
8
Let a(m) = 20 - 24 + m + 12. Calculate a(-7).
1
Let x(a) be the second derivative of 1/3*a**3 - 3/2*a**2 + 2*a + 0. What is x(5)?
7
Let t(q) = q + 1. Let w be t(-6). Let k(i) = 19251 - 19258 - 4*i**2 + 3*i**2 - 6*i. Give k(w).
-2
Let u(b) = -7*b**3 - 4*b**2 + 8*b - 2. Let v(t) = -1 - t - 2*t**3 + t**3 + 2*t. Suppose -6 = 3*q - 3. Let x(w) = q*u(w) + 6*v(w). Determine x(-4).
4
Let s(n) = -2*n**2 + 4*n + 3. Let o(k) = -4 - 4*k + 0 + 2 + 2*k**2. Let w(d) = 5*o(d) + 4*s(d). Suppose -4 = 5*z - 14. Give w(z).
2
Let u be 267/21 - (-4)/14. Let h = u - 8. Let a(x) = -3*x - 6 + 7*x**2 + 4*x + x**3 + h*x. Give a(-6).
-6
Let w(o) = -o + 7. Let k be w(7). Let f(l) be the third derivative of 0 - 2/3*l**3 + k*l + 1/60*l**5 + 2*l**2 + 1/6*l**4. What is f(-5)?
1
Let j(f) be the second derivative of -f**4/24 + f**3/2 + 3*f**2 + 3*f. Let o(c) be the first derivative of j(c). Calculate o(-4).
7
Let u(r) be the third derivative of r**6/120 + r**5/12 + r**4/24 + 2*r**3/3 + 2*r**2. Suppose 3*t = -2*k - 13, -3*t + 0*t = 5*k + 28. What is u(k)?
-1
Let j be 0 + 3 + -2 + 1. Let v(x) = x**2 + 0*x + 2 - 1 + 6*x + j. Determine v(-3).
-6
Let j be -3 - (0 - 1)*6. Let w(s) be the first derivative of s**3/3 - s**2/2 + 2*s - 1. What is w(j)?
8
Let r(k) = -5*k. Suppose 2*j - 3*c - 1 = 0, -2*j + 3*j + 5*c + 6 = 0. Give r(j).
5
Let z(d) = d**3 - d. Let k(y) = 5*y**3 + 5*y**2 - 10*y - 5. Let j(x) = k(x) - 6*z(x). Calculate j(4).
-5
Suppose 13 + 2 = 5*o. Let d(w) = -9*w. Let y be d(1). Let i be 0/(5 + y/o). Let c(h) = -h**3 + h - 3. Give c(i).
-3
Let q(h) = h**2 + 4*h - 1. Let g(s) = -2*s**2 - 5*s + 2. Let l(o) = 2*g(o) + 3*q(o). What is l(-1)?
-2
Let s(j) = 2*j + 9. Let p be (-8)/(-10)*(-60)/8. Determine s(p).
-3
Let c(q) = -2*q**2 + 4*q - 1. Let x = 1 + -3. Let r = x + 5. Determine c(r).
-7
Let i(y) = -y + 3. Let h(k) = k - 1. Let j be h(4). Suppose 4*p + 4*w - j + 7 = 0, 5*p = -w - 17. Calculate i(p).
7
Suppose 2*y = 3*i + i - 22, 0 = i - 1. Let o(c) = c**3 + 8*c**2 - 8*c + 13. Give o(y).
4
Let n(u) = u**2 + 5*u - 3. Suppose w - 5*i + 2 = 0, -4*i + 17 = 4*w + i. Let v(m) = -m - 3. Let a be v(w). Calculate n(a).
3
Let m(v) = v + 7. Let p = -2 - -4. Let k(f) = -7 - 1 - 3 - p*f - 4. Let b(a) = -6*k(a) - 13*m(a). Give b(1).
-2
Let j(k) = k**2 + 4*k**2 - 2*k + 2 - 6*k**2 + k. Calculate j(0).
2
Let a(t) = -4*t + 5*t - 3 + 7. Let n = 9 - 12. Give a(n).
1
Let r = -10 + 12. Let l(z) = -z - 2. Let u(k) = -2*k - 3. Let b(s) = -5*l(s) + 4*u(s). Calculate b(r).
-8
Suppose d + 13 = -s + 4*s, 9 = 2*d + s. Let j(f) = 7*f + 0*f**2 + f**3 + 6*f**d + 0*f**2 + 0*f + 7. What is j(-5)?
-3
Let d(r) = r + 3. Let k = 9 - 5. Suppose 12 = -a - 2*w, -k*a + 3*w = 7 - 3. Determine d(a).
-1
Let c(r) be the first derivative of -1/3*r**3 - 7/2*r**2 + 7 - 9*r. What is c(-6)?
-3
Let p(v) = v - 1. Let s = 1 + 1. Suppose 6*c = s*c - 8. Let x be 2/1 - (4 - c). Give p(x).
-5
Let u(l) = l**2 - 6*l - 12. Suppose 0 = 5*q - 34 - 1. Let d(o) = -o**2 + 6*o + 11. Let p(y) = q*d(y) + 6*u(y). Give p(6).
5
Let g(t) = 6*t**2 - 36*t + 14. Let o(u) = u**2 - 7*u + 3. Let k(b) = 2*g(b) - 11*o(b). Give k(-6).
1
Let h be -3*(-4)/21*7. Let x(a) = a. Give x(h).
4
Let z be 2 + -5 + (2 - 10/(-2)). Let x(o) = o**3 - 3*o**2 - 4*o + 1. What is x(z)?
1
Suppose 0 = -2*s - 0*s - 16. Let t = -5 - s. Let j(i) = 2*i + 2*i - 1 + i - t*i. What is j(5)?
9
Let j(z) = 4*z - 58. Let c be j(13). Let g(d) = d + 5. What is g(c)?
-1
Let k(c) = -c**2 + 5*c - 4. Let x be k(3). Let w be x/(-8) + 65/20. Let b(n) = n**3 - 4*n**2 - n - 1. Give b(w).
-13
Suppose 5*i - 2*i = -5*b + 16, -4*b - 2 = -5*i. Let j(t) = -t + 0*t**2 + 0*t**2 + 0*t**2 - t**i + 4. Let g(w) = -w**2 + 3*w. Let s be g(3). What is j(s)?
4
Let q(g) = -g - 7. Suppose 4*n + 484 = -0*n. Let r be 2/3 + n/33. Determine q(r).
-4
Let c(q) = 2*q - 4*q + 5*q + 1 - 2*q. Let v(x) = -x - 10. Let d(u) = 3*c(u) + v(u). Calculate d(5).
3
Let d be (-1)/2 + (-4)/8. Let c(z) = -z**2 + z. Let b(y) be the second derivative of -y**4/2 + y**3/6 - 3*y. Let s(j) = b(j) - 2*c(j). What is s(d)?
-3
Let g(k) = k + 4. Let z be g(-9). Let a(o) = 3*o. Determine a(z).
-15
Let f(r) = r**2 + 6*r + 7. Suppose 19*w = 23*w + 28. Give f(w).
14
Let i(c)